- 1. What is i(5)?
69
Let i(j) = 2*j + 1. Give i(-5).
-9
Let d(c) = c**3 + 9*c**2 - 3*c - 9. What is d(-9)?
18
Let h(v) = 18*v + 2. Determine h(-1).
-16
Let h(s) = s**3 + 5*s**2 + s + 6. Determine h(-5).
1
Let k(p) = -p**3 + p**2 + p. Determine k(-1).
1
Let g(l) = -l**2 + 14*l + 63. What is g(19)?
-32
Let l(b) = -b**3 + 4*b**2 - 5*b + 9. Give l(4).
-11
Let s(q) = -q**2 + 2*q - 30. Give s(0).
-30
Let b(z) = z**2 - 2*z + 2. What is b(4)?
10
Let y(g) = -g**2 + 2*g - 2. Determine y(5).
-17
Let q(y) = -3*y**2 - 30*y - 21. What is q(-9)?
6
Let d(s) = 2*s + 9. Give d(-4).
1
Let j(h) = 9*h**3 + 4*h**2 + h - 1. Determine j(-1).
-7
Let x(z) = z**2 + 12*z - 3. Determine x(-6).
-39
Let b(r) = -r**2 + 6*r + 2. Give b(2).
10
Let i(d) = d**3 - 16*d**2 - 38*d + 41. What is i(18)?
5
Let y(l) = -13*l - 7. What is y(-3)?
32
Let u(b) = 13*b - 95. Determine u(15).
100
Let g(i) = -i**3 - 9*i**2 + 7*i - 33. What is g(-10)?
-3
Let i(x) = -x**3 + 17*x**2 + 17*x + 15. Give i(18).
-3
Let p(k) = -9*k**2 - 38*k + 8. Calculate p(-5).
-27
Let x(o) = -o**3 - 9*o**2 + 6*o - 6. What is x(-8)?
-118
Let u(h) = 11*h + 105. Give u(-13).
-38
Let y(m) = -m**3 - 6*m**2 - 6*m - 4. Calculate y(-4).
-12
Let m(k) = -k**3 + 7*k**2 - 8*k + 13. Calculate m(6).
1
Let r(a) = -2*a**2 - 4*a + 16. What is r(-6)?
-32
Let n(a) = -2*a**3 - 7*a**2 + 16*a + 13. Calculate n(-5).
8
Let r(q) = -12*q + 4. What is r(3)?
-32
Let i(d) = -d + 53. Determine i(19).
34
Let y(k) = -k**3 + 7*k**2 + 3*k - 23. What is y(7)?
-2
Let n(l) = 3*l**2 - 32*l + 13. What is n(10)?
-7
Let w(l) = -2*l**2 + 5*l + 6. Give w(5).
-19
Let d(j) = j + 69. Give d(-10).
59
Let t(d) = -4*d - 18. Determine t(-11).
26
Let s(w) = -w - 21. Give s(8).
-29
Let k(v) = -2*v + 38. Give k(14).
10
Let v(f) = 30*f + 89. Determine v(-4).
-31
Let o(z) = -2*z**3 - 3*z**2 + 2*z + 2. Determine o(-3).
23
Let t(v) = 3*v**3 + 2*v - 2. Give t(2).
26
Let a(d) = -4*d - 4. What is a(-4)?
12
Let z(g) = -3*g**2 + 10. Calculate z(-3).
-17
Let k(s) = -s**3 + s**2 - 4*s + 4. Give k(0).
4
Let z(g) = 2*g**2 + 7*g - 19. Give z(-8).
53
Let x(r) = r**2 - 17*r + 14. What is x(12)?
-46
Let m(f) = -7*f**3 + 113*f**2 - 16*f + 15. What is m(16)?
15
Let k(l) = -l**3 + l**2 + 9*l + 1. Give k(4).
-11
Let a(d) = -3*d + 9. Determine a(-8).
33
Let d(w) = -w**2 - 4*w + 7. Determine d(-10).
-53
Let g(l) = l**2 - 2*l - 5. Determine g(-4).
19
Let g(h) = -h**3 - 13*h**2 - 2*h + 15. Calculate g(-12).
-105
Let i(o) = -12*o - 26. Calculate i(0).
-26
Let z(h) = -6*h - 22. What is z(-6)?
14
Let r(p) = 4*p + 10. Calculate r(-6).
-14
Let t(g) = -g**2 - 2*g - 4. Determine t(-4).
-12
Let d(v) = -v**3 + 4*v**2 - 4*v + 21. Give d(4).
5
Let i(d) = -d**2 - 12*d - 5. Determine i(-11).
6
Let m(n) = -21*n**3 - 2*n**2 + 6*n - 3. What is m(1)?
-20
Let w(s) = -s + 19. Give w(-12).
31
Let i(v) = 3*v**3 + 14*v**2 - v + 21. What is i(-5)?
1
Let v(i) = -10*i - 3. Calculate v(-4).
37
Let w(r) = -72*r - 1. Give w(0).
-1
Let b(a) = -a**3 + 7*a**2 + 5*a + 1. What is b(6)?
67
Let x(r) = r**3 + 10*r**2 + 14. What is x(-10)?
14
Let s(i) = i**3 - 9*i**2 - 3*i + 20. What is s(10)?
90
Let f(w) = 11*w**2 - 8*w + 4. Give f(2).
32
Let k(g) = -g - 13. Give k(-5).
-8
Let h(j) = 5*j**2 + 3*j - 1. Calculate h(-2).
13
Let o(l) = l**3 - 31*l**2 + 30*l + 5. What is o(30)?
5
Let h(q) = q**3 + 8*q**2 + 3*q - 39. What is h(-7)?
-11
Let a(l) = 3*l + 33. What is a(-15)?
-12
Let j(m) = m**3 + 8*m**2 + 5*m + 7. What is j(-7)?
21
Let j(p) = p**3 - 2*p**2 - 2*p. Calculate j(-2).
-12
Let p(o) = 8*o**2 - o + 3. Determine p(2).
33
Let d(n) = -n**3 - 12*n**2 - 14*n + 4. What is d(-10)?
-56
Let k(z) = -z**2 - 18*z + 123. Give k(0).
123
Let m(b) = 16*b - 124. Determine m(8).
4
Let h(l) = -l**2 - 9*l - 14. Calculate h(-5).
6
Let d(w) = 49*w - 7. Give d(1).
42
Let p(t) = 2*t**3 - t**2 + 3*t + 2. What is p(3)?
56
Let j(n) = -4*n**2 - 7*n. Calculate j(-5).
-65
Let w(m) = 3*m**3 - 47*m**2 - 8*m - 9. Determine w(16).
119
Let p(o) = o**3 + 6*o**2 - 14*o - 3. Calculate p(-7).
46
Let h(c) = -c + 36. Calculate h(5).
31
Let f(a) = 8*a - 223. Calculate f(29).
9
Let a(d) = 3*d**2 + 4*d + 2. Give a(-2).
6
Let d(a) = 6*a - 38. Give d(12).
34
Let i(w) = w**3 + 19*w**2 + 20*w + 29. Determine i(-18).
-7
Let s(m) = 2*m**2 - 9*m - 4. Give s(-4).
64
Let s(u) = -u**3 - u**2 + 5*u + 3. What is s(4)?
-57
Let f(l) = l - 23. Calculate f(22).
-1
Let d(u) = -2*u - 6. What is d(5)?
-16
Let i(j) = -j**3 - 7*j**2 - 3*j - 3. Calculate i(-7).
18
Let b(t) = -3*t - 4. Calculate b(5).
-19
Let l(w) = w**2 + 11*w - 16. What is l(-9)?
-34
Let c(n) = 3*n**2 - 16*n - 4. Calculate c(10).
136
Let o(k) = k**2 + 2*k - 5. Give o(-3).
-2
Let p(j) = -3*j**3 + 20*j**2 + 7*j. What is p(7)?
0
Let w(c) = -5*c - 27. What is w(-7)?
8
Let o(s) = s**2 + 14*s + 20. Determine o(-12).
-4
Let t(k) = -k**2 - 24*k + 174. Give t(-30).
-6
Let i(l) = l + 5. Calculate i(4).
9
Let s(d) = -d**3 - 8*d**2 + 14*d + 1. Determine s(-9).
-44
Let q(d) = -13*d - 12. Give q(0).
-12
Let d(q) = -q**2 + 5*q + 5. Determine d(4).
9
Let f(y) = -3*y + 6. Determine f(-1).
9
Let s(r) = 18*r**2 + 2*r + 1. Give s(-1).
17
Let f(r) = -2*r**2 + 4*r + 10. Give f(6).
-38
Let y(q) = -13*q**2 - q + 6. Give y(-2).
-44
Let v(q) = -7*q**3 - q + 1. Calculate v(1).
-7
Let g(p) = -p**2 - 4*p - 6. What is g(-5)?
-11
Let j(k) = -10*k - 1. Determine j(3).
-31
Let g(o) = 3*o**2 - 16*o - 6. Determine g(8).
58
Let k(s) = 5*s - 16. What is k(5)?
9
Let y(u) = 2*u**2 + 30*u + 27. Give y(-14).
-1
Let f(p) = p**3 + 6*p**2 + 4*p + 6. What is f(-6)?
-18
Let n(w) = 26*w + 169. Determine n(-6).
13
Let v(b) = -39*b + 7. Give v(3).
-110
Let v(x) = -2*x**2 + 15*x - 15. Calculate v(5).
10
Let k(y) = 3*y - 1. Determine k(-3).
-10
Let t(b) = b**3 + 19*b**2 + 20*b + 27. What is t(-18)?
-9
Let x(t) = 16*t**2 + 158*t - 16. Give x(-10).
4
Let k(q) = -2*q**2 - 2*q - 4. Determine k(-3).
-16
Let a(x) = -6*x**3 + 3*x**2 + 4*x + 1. Calculate a(-1).
6
Let u(r) = 21*r - 141. Give u(7).
6
Let a(x) = -5*x**2 + 26*x - 6. Determine a(7).
-69
Let f(s) = -s**2 - 2*s - 5. Calculate f(-4).
-13
Let x(j) = j**3 + 5*j**2 + 7*j + 12. Calculate x(-2).
10
Let v(n) = -n**2 - 20*n + 7. What is v(-17)?
58
Let t(i) = -i**3 - 39*i**2 + 82*i - 5. Calculate t(-41).
-5
Let g(q) = 36*q - 98. Calculate g(3).
10
Let a(i) = -3*i**2 - 31*i - 11. What is a(-10)?
-1
Let t(q) = q**2 + 13*q + 6. Determine t(-9).
-30
Let m(n) = n**3 + 5*n**2 + 2*n - 2. What is m(-4)?
6
Let a(q) = -q**3 - 13*q**2 - 11*q + 26. Give a(-12).
14
Let b(c) = 2*c**2 + 3*c + 5. Determine b(-1).
4
Let f(c) = 3*c + 9. Determine f(-4).
-3
Let b(p) = -p**3 - 2*p**2 + 6*p + 6. What is b(-3)?
-3
Let o(c) = -c**2 + 2*c + 4. Give o(2).
4
Let z(d) = -d**2 + 2*d - 6. Calculate z(4).
-14
Let c(f) = f**3 + 3*f**2 - 2*f - 21. Calculate c(-5).
-61
Let a(u) = 4*u**3 + 6*u**2 + 7*u. What is a(-3)?
-75
Let p(k) = -4*k**2 - 14*k - 36. Give p(-5).
-66
Let n(j) = 16*j + 78. What is n(-8)?
-50
Let w(t) = -3*t + 3. Calculate w(0).
3
Let m(f) = -20*f**3 + 2*f**2 + 4*f + 1. Give m(-1).
19
Let q(g) = -g**3 + 3*g**2 - 4*g - 3. Determine q(2).
-7
Let j(y) = y**2 + 14*y + 50. Determine j(-9).
5
Let m(w) = -w**3 - 7*w**2 - 2*w. Calculate m(-7).
14
Let h(x) = x**2 - x. What is h(3)?
6
Let a(n) = n**3 - 14*n**2 + 13*n - 15. Determine a(13).
-15
Let s(o) = o**3 + 16*o**2 - 17*o - 6. Determine s(-17).
-6
Let o(k) = 2*k**2 - 3*k. What is o(3)?
9
Let z(q) = q**3 + 6*q**2 + 5*q + 4. Give z(-5).
4
Let z(a) = -a**3 - 13*a**2 - 9*a + 1. Give z(-12).
-35
Let h(c) = 19*c - 29. Determine h(4).
47
Let w(m) = -m**2 - m + 17. Determine w(0).
17
Let l(u) = -u**3 + 6*u**2 - 3*u + 3. Give l(5).
13
Let q(b) = b**2 + b - 5. Determine q(-4).
7
Let v(y) = y**3 + 11*y**2 - 15*y - 15. Determine v(-12).
21
Let y(l) = l**3 - 9*l**2 - 70*l + 2. Determine y(-5).
2
Let v(h) = 12*h - 1. What is v(1)?
11
Let v(k) = -k**2 - 5*k + 5. Give v(-6).
-1
Let z(m) = -2*m + 74. What is z(27)?
20
Let x(j) = -j**2 - 2*j + 3. What is x(-5)?
-12
Let l(b) = -b**2 + 3. What is l(3)?
-6
Let z(y) = -10*y**3 + y**2 + y + 2. Give z(1).
-6
Let a(p) = -p**3 - 4*p - 1. Give a(3).
-40
Let h(l) = l**3 + 15*l**2 + 36*l. Calculate h(-12).
0
Let r(h) = h**2 + 19*h + 41. What is r(-18)?
23
Let b(y) = -40*y - 4. Give b(1).
-44
Let l(s) = s**3 + 7*s**2 - s + 11. What is l(-7)?
18
Let v(n) = -n**3 + 3*n**2 - 1. Cal